r - -77. Calculate the highest common factor of g and 9.
9
Suppose -5*w + 10 = -5*b, -w + 6*w = 4*b + 10. Suppose 4*i - w*i + v - 37 = 0, -95 = -5*i - 3*v. Calculate the greatest common divisor of 4 and i.
4
Let x(b) = b**2 - 4*b - 12. Let q be x(8). Calculate the greatest common factor of q and 180.
20
Let g(t) = 3*t**2 + 20*t - 96. Let m be g(-12). Let h = 33 - 21. Calculate the greatest common divisor of m and h.
12
Let m(f) = 8*f - 12. Let v be m(6). Calculate the greatest common factor of 12 and v.
12
Suppose 15 - 62 = 5*v + r, -5*r - 28 = 2*v. Let k be (-1 - 2/(-6))*v. Suppose -5*u + 184 = -26. Calculate the greatest common divisor of u and k.
6
Suppose -3*w + 4*o + 693 = 6*o, 0 = -4*w + 5*o + 924. Let y = -91 + w. Calculate the highest common divisor of y and 28.
28
Suppose 0 = -3*a + 688 - 112. Let o(v) = -5*v - 3 + 5 + 2. Let i be o(-4). What is the highest common factor of i and a?
24
Suppose -5*r = -4*f - 18, 10 + 0 = -5*f. Suppose r*o - o - 164 = 0. Suppose y = -n + 76, 5*n = -2*y - 0*y + o. Calculate the highest common divisor of y and 18.
18
Suppose -2*d = 5*z - 225, -3*z + 0*z + 144 = 3*d. Let w = z - 19. Calculate the highest common divisor of 60 and w.
12
Let w(a) = -a + 2. Let i be w(-2). Suppose -o = i*o - 325. What is the highest common factor of o and 26?
13
Suppose b + 10 = -0*b. Let w be 716/18 + b/(-45). Calculate the greatest common divisor of w and 100.
20
Suppose -2*h - 3*g - 12 = 9, 3*h + 57 = 4*g. Let u be (-28)/(-21) - 50/6. Let m = u - h. Calculate the highest common factor of 80 and m.
8
Let q be ((0 - -2) + -2)/2. Suppose -3*s + q*d - d + 102 = 0, -2*d = -5*s + 170. Calculate the highest common factor of s and 85.
17
Let j(a) = a**3 + 9*a**2 + 18. Let k be j(-9). What is the greatest common divisor of k and 90?
18
Suppose 0 = 4*m + 2*a - 238, -m + 0*a + 64 = -4*a. What is the greatest common divisor of m and 180?
60
Let h = 2 - -1. Let r = h + 0. Let i(m) = 2*m**3 + m**2 + 3*m. Let q be i(r). What is the greatest common divisor of q and 12?
12
Let l = -5 + 7. What is the greatest common factor of l and 1?
1
Let c = -37 - -46. What is the greatest common factor of c and 117?
9
Let u(m) = -m + 47. Let n be u(-19). Calculate the greatest common factor of 44 and n.
22
Suppose 0 = -f - 2*f + 81. Calculate the highest common factor of f and 216.
27
Let r(w) = -w**2 + 19. Let h be r(0). Calculate the highest common factor of 57 and h.
19
Let q = -6 + 21. Calculate the greatest common factor of 120 and q.
15
Suppose 0 = -4*c + 2*c + 120. Calculate the greatest common factor of c and 12.
12
Suppose -4*q = t + 16, -2*q + 0 = 2*t + 2. Let w(g) = 10*g**2 - 3*g - 5. Let j be w(t). Calculate the highest common divisor of j and 13.
13
Let t(o) = -o**3 - 9*o**2 - 11*o - 8. Let y be t(-8). Calculate the highest common divisor of y and 2.
2
Let p be 6/(-2*3/93). Let v = 135 + p. Calculate the highest common factor of 6 and v.
6
Let x(z) = 6*z - 34. Let s be x(7). Let t = -6 + 22. What is the highest common divisor of s and t?
8
Let u = -8 - -7. Let f(w) = 51*w**3 + 3 - 141*w**3 + 0 - 2. Let q be f(u). Calculate the greatest common divisor of q and 13.
13
Let a = -64 + 92. Let y be -2 - ((-2 - -3) + -10). Calculate the highest common divisor of a and y.
7
Suppose 0 = 3*x + 5 - 14. Suppose -3 = k, -3 = -2*p + 3*p + x*k. What is the greatest common divisor of p and 54?
6
Let z = 7 - 12. Let v = z - -8. What is the highest common factor of 3 and v?
3
Suppose -4*g + 160 = r, -3*g = 2*g + 5*r - 185. Let c = -18 - 7. Let o = c + g. What is the highest common divisor of o and 2?
2
Let l = -19 + 19. Suppose -5*f + 267 - 107 = l. Calculate the highest common factor of f and 48.
16
Suppose -2*v = -2*g, 5*v - 3*g - 3 = 3. Suppose -2*q + 20 = -q - 4*u, -3*q - v*u = -30. Let y be 3/q*-17*-4. What is the greatest common factor of y and 68?
17
Let w(f) be the first derivative of 2*f**3/3 + 2*f**2 + 6*f - 2. Let g be w(6). Suppose 5*c - g = 2*c. What is the highest common divisor of 85 and c?
17
Suppose p = 28 + 35. Suppose -172 - 23 = -5*z. Suppose -b = 3*o - 2*b - 24, b - z = -4*o. Calculate the highest common factor of o and p.
9
Let o = -2 + 4. Let q = -11 + 25. Let j = 0 + q. Calculate the highest common factor of j and o.
2
Let j(s) = -s**3 - 16*s**2 - 3*s - 24. Let o be j(-16). What is the greatest common divisor of o and 24?
24
Suppose 2*u = 4*u - 242. What is the highest common factor of u and 11?
11
Suppose 2*b = -0*b + 8. Suppose 5*z - 5 = 15. Suppose 2*u + 6 = -3*d, 0*u = b*u - z*d - 28. Calculate the highest common factor of u and 15.
3
Suppose -7*f = -8*f + 20. Suppose 2*s + 3*s = 400. Calculate the highest common factor of f and s.
20
Suppose 6*w = 4*w - 1088. Let d = -379 - w. What is the greatest common divisor of d and 15?
15
Suppose 0 = 2*p + 2*n - 54, -2*p = 2*p - 5*n - 117. Let q = 36 - -34. What is the greatest common factor of p and q?
14
Suppose -2*z - 84 = -6*z. Calculate the greatest common factor of 105 and z.
21
Let f = 11 - 8. Let y(s) = f - 9 - 4*s - 7*s. Let z be y(-5). What is the highest common factor of z and 7?
7
Suppose 11 = 3*g - 43. Calculate the highest common divisor of 18 and g.
18
Let k(x) = x**3 - 6*x**2 - 18*x - 1. Let q be k(9). Calculate the highest common divisor of 10 and q.
10
Let i = 12 + -5. Calculate the greatest common divisor of 2 and i.
1
Let i be -1*4*3/(-2). Let c be (-137)/(-3) - 4/i. What is the greatest common divisor of 5 and c?
5
Suppose -2*c + 96 = 2*c. Let x be (-4)/1*(-6)/c. Calculate the greatest common divisor of x and 11.
1
Suppose 0 = -3*a + 5*s + 116, -a - s + 38 = 10. Calculate the highest common divisor of 40 and a.
8
Suppose -132 = -2*l - k, l + 2*k - 136 = -l. Calculate the highest common factor of 160 and l.
32
Let l be (-13222)/(-110) + 1/(-5). What is the highest common divisor of l and 15?
15
Let w(m) = -7*m + 17. Let t be w(-9). Calculate the highest common factor of 32 and t.
16
Let f(x) = -4*x**3 + 3*x**2 + 4. Let l be f(3). Let n = 154 + l. What is the highest common divisor of n and 7?
7
Suppose 3*v - 20 = -2*v. Suppose k + v*k - 70 = 0. Calculate the highest common divisor of k and 42.
14
Let x(c) = c**3 + 3*c**2 - 5*c - 4. Let g be x(-3). Let u be (20 + -1)/(2/(-4)). Let t = u + 159. What is the greatest common divisor of t and g?
11
Let f(g) = -g + 4. Let t be f(-6). Suppose 4*c = 3*o + 1, -t = -2*o - 0*o. Calculate the greatest common divisor of 6 and c.
2
Suppose 5 = 3*r + 4*q - 45, 0 = -4*q + 8. Calculate the greatest common divisor of 70 and r.
14
Let g be 38/8 - 2/(-8). Let i(z) = z - 7. Let o be i(6). Let r be (0 + 1/o)*-1. What is the highest common factor of g and r?
1
Suppose 5*u - 81 = 24. Suppose -j + 2 = -0. Suppose 2*k + 4*w + 2 = 0, 5*w = -3*k - j + 1. What is the highest common divisor of u and k?
3
Let m = -25 - -11. Let o be m/(-21) + 2/6. What is the highest common divisor of o and 3?
1
Suppose -97 = -3*r - 76. Let x(t) = -36*t - 1. Let f be x(2). Let o = f - -150. Calculate the highest common divisor of o and r.
7
Suppose 3*h + 19 = 5*h + 3*o, -5*h - 2*o + 42 = 0. Calculate the greatest common factor of 72 and h.
8
Suppose 0 = 5*h - 4*d - 804, 0 = 3*d - 0*d + 3. What is the highest common divisor of h and 20?
20
Let q = 5 + 28. Calculate the highest common divisor of 11 and q.
11
Suppose 0 = 2*r - 4*f - 148, -r + 3*r - 5*f = 152. Calculate the highest common factor of 44 and r.
22
Let k = 4 - 4. Let q = k + 2. Calculate the highest common factor of q and 18.
2
Let a = -75 - -215. What is the greatest common factor of 35 and a?
35
Let j(o) = o**2 - 3*o - 37. Let z be j(-7). Calculate the highest common factor of 99 and z.
33
Let c be 1*2*((-159)/(-6) - -1). Let j(o) = -o**3 + 7*o**2 - 5*o + 5. Let p be j(6). Calculate the greatest common divisor of c and p.
11
Suppose 3*r + 51 + 86 = 2*x, 3*x = -r + 233. What is the highest common factor of 57 and x?
19
Suppose 5*y = 5 - 10. Let f be -1*(y + 2) - -43. What is the highest common divisor of f and 21?
21
Suppose u + 28 = h, -4*u = -3*h - 2*h + 140. Calculate the highest common divisor of 4 and h.
4
Let x(m) = -m**3 - 10*m**2 - 9*m - 3. Let k be x(-9). Let p be (k + 4)/(2/16). What is the greatest common divisor of p and 8?
8
Let b = 57 - 27. Let i = 21 - 1. What is the greatest common diviso